{"id":3166,"date":"2016-06-13T21:08:04","date_gmt":"2016-06-13T19:08:04","guid":{"rendered":"http:\/\/www.myzakopane.pl\/?page_id=3166"},"modified":"2024-11-17T23:50:20","modified_gmt":"2024-11-17T22:50:20","slug":"doliny-w-tatrach","status":"publish","type":"page","link":"https:\/\/www.myzakopane.pl\/index.php\/doliny-w-tatrach\/","title":{"rendered":"Doliny w Tatrach"},"content":{"rendered":"<p>Dla wielu turyst\u00f3w doliny w Tatrach to tylko fragment trasy prowadz\u0105cy w wy\u017csze partie i na szczyty g\u00f3rskie. Jednak doliny, rze\u017abione przez g\u00f3rskie potoki w\u015br\u00f3d ska\u0142, nale\u017c\u0105 do jednych z pi\u0119kniejszym miejsc w Tatrach. <strong>Ka\u017cda z nich ma inny wygl\u0105d, w\u0142asn\u0105 charakterystyk\u0119 i miejsca, kt\u00f3re warto zobaczy\u0107<\/strong>. Po polskiej stronie znajdziemy kilkana\u015bcie dolin, z kt\u00f3rych wi\u0119kszo\u015b\u0107 dost\u0119pna jest dla turyst\u00f3w. Poni\u017cej postaramy si\u0119 Pa\u0144stwu przybli\u017cy\u0107 te najbardziej znane, ch\u0119tnie odwiedzane i malownicze.<\/p>\n<h3>Dolina Ko\u015bcieliska<\/h3>\n<div id=\"attachment_907\" style=\"width: 310px\" class=\"wp-caption alignleft\"><a href=\"https:\/\/www.myzakopane.pl\/wp-content\/images\/dolina-koscieliska.jpg\"><img loading=\"lazy\" decoding=\"async\" aria-describedby=\"caption-attachment-907\" class=\"wp-image-907 size-medium\" title=\"Dolina Ko\u015bcieliska\" src=\"https:\/\/www.myzakopane.pl\/wp-content\/images\/dolina-koscieliska-300x225.jpg\" alt=\"Dolina Ko\u015bcieliska\" width=\"300\" height=\"225\" srcset=\"https:\/\/www.myzakopane.pl\/wp-content\/images\/dolina-koscieliska-300x225.jpg 300w, https:\/\/www.myzakopane.pl\/wp-content\/images\/dolina-koscieliska.jpg 1024w\" sizes=\"auto, (max-width: 300px) 100vw, 300px\" \/><\/a><p id=\"caption-attachment-907\" class=\"wp-caption-text\">Dolina Ko\u015bcieliska (fot. w\u0142asna)<\/p><\/div>\n<p>Najbardziej znana dolina w Tatrach, pewnie nawet komu\u015b kto nie by\u0142 w g\u00f3rach kojarzy t\u0105 nazw\u0119. Po\u0142o\u017cona kilka kilometr\u00f3w od Zakopanego jest najch\u0119tniej odwiedz\u0105 przez turyst\u00f3w dolin\u0105. <a href=\"https:\/\/www.myzakopane.pl\/index.php\/na-spacer-dolina-koscieliska\/\">Dolina Ko\u015bcieliska<\/a> sw\u00f3j <strong>pocz\u0105tek bierze we wsi Kiry i prowadzi do schroniska na Hali Ornak<\/strong>. Schronisko jest sporo, cho\u0107 latem jest tam mn\u00f3stwo turyst\u00f3w, dlatego je\u017celi chcemy nocowa\u0107 trzeba rezerwowa\u0107 z wyprzedzeniem.<\/p>\n<p>Warto p\u00f3j\u015b\u0107 kawa\u0142ek dalej i doj\u015b\u0107 do malowniczego Smreczy\u0144skiego Stawu (0:30\u2191 , 0:20\u2193). W Ko\u015bcieliskiej znajduje si\u0119 <strong>kilka jaski\u0144 udost\u0119pnionych do zwiedzania turystom<\/strong> (Mro\u017ana, Smocza, Raptawicka, Mylna). Z doliny mo\u017cna wspi\u0105\u0107 si\u0119 na kilka punkt\u00f3w widokowych (np. Sto\u0142y) czy wyruszy\u0107 <a href=\"https:\/\/www.myzakopane.pl\/index.php\/czerwone-wierchy\/\">na Czerwone Wierchy<\/a>. Niezale\u017cnie od powod\u00f3w z jakich chcemy odwiedzi\u0107 t\u0105 dolin\u0119 na pewno warto.<\/p>\n<p>Przy okazji Doliny Ko\u015bcieliskiej warto wspomnie\u0107 o <a href=\"https:\/\/www.myzakopane.pl\/index.php\/jaskinie-w-tatrach-polskich-i-slowackich\/\">jaskiniach na terenie Tatr<\/a>. We wspomnianej dolinie jest najwi\u0119cej jaski\u0144 jakie znajdziemy w tym pa\u015bmie g\u00f3rskim. Spora cz\u0119\u015b\u0107 dost\u0119pna jest do zwiedzania i jaskinie takie jak Mylna czy Mro\u017ana stanowi\u0105 atrakcje turystyczne. Wi\u0119kszo\u015b\u0107 jaski\u0144 w Tatrach jest jednak niedost\u0119pna i niebezpieczna dla turyst\u00f3w, chodzi\u0107 po nich mog\u0105 jedynie do\u015bwiadczeni groto\u0142azi.<\/p>\n<h3>Dolina Chocho\u0142owska<\/h3>\n<div id=\"attachment_590\" style=\"width: 310px\" class=\"wp-caption alignleft\"><a href=\"https:\/\/www.myzakopane.pl\/wp-content\/images\/dolina-chocholowska.jpg\"><img loading=\"lazy\" decoding=\"async\" aria-describedby=\"caption-attachment-590\" class=\"wp-image-590 size-medium\" title=\"Dolina Chocho\u0142owska\" src=\"https:\/\/www.myzakopane.pl\/wp-content\/images\/dolina-chocholowska-300x225.jpg\" alt=\"Dolina Chocho\u0142owska\" width=\"300\" height=\"225\" srcset=\"https:\/\/www.myzakopane.pl\/wp-content\/images\/dolina-chocholowska-300x225.jpg 300w, https:\/\/www.myzakopane.pl\/wp-content\/images\/dolina-chocholowska.jpg 1024w\" sizes=\"auto, (max-width: 300px) 100vw, 300px\" \/><\/a><p id=\"caption-attachment-590\" class=\"wp-caption-text\">Dolina Chocho\u0142owska (fot. Jerzy Opio\u0142a, WikiMedia)<\/p><\/div>\n<p>To z kolei najwi\u0119ksza dolina po naszej stronie Tatr, po\u0142o\u017cona w Tatrach Zachodnich, o d\u0142ugo\u015b\u0107 10 km. Jest te\u017c jedyn\u0105 dolin\u0105, kt\u00f3ra<strong> nie nale\u017cy do TPN<\/strong>, jej w\u0142a\u015bcicielem jest Wsp\u00f3lnota O\u015bmiu Wsi. Swoj\u0105 nazw\u0119 <a href=\"https:\/\/www.myzakopane.pl\/index.php\/dolina-chocholowska\/\">Dolina Chocho\u0142owska<\/a> wzi\u0119\u0142a od po\u0142o\u017conej kilkana\u015bcie kilometr\u00f3w dalej wsi Chocho\u0142\u00f3w, kt\u00f3rej ch\u0142opi wypasali tutaj owce. Swojego czasu by\u0142a ona najwi\u0119kszym o\u015brodkiem wypasu w Tatrach a ta tradycja cho\u0107 na mniejsz\u0105 skal\u0119 kultywowana jest do dzisiaj.<\/p>\n<p>Praktycznie na samym ko\u0144cu doliny, na Polanie Chocho\u0142owskiej, zbudowane zosta\u0142o w latach 30 XX wieku schronisko g\u00f3rskie. Pocz\u0105tkowo s\u0142u\u017cy\u0142o ono g\u0142\u00f3wnie narciarzom, ale przyczyni\u0142o si\u0119 te\u017c do rozwoju turystyki. <strong>Dochodz\u0105c do schroniska mamy mo\u017cliwo\u015b\u0107 obejrzenia kilkunastu starych bac\u00f3wek<\/strong>, kt\u00f3re s\u0142u\u017cy\u0142y kiedy\u015b miejscowym juhasom. Warto te\u017c zboczy\u0107 ze szlaku i wspi\u0105\u0107 si\u0119 \u015bcie\u017ck\u0105 do g\u00f3ry do drewnianej kapliczki, kt\u00f3ra zbudowana zosta\u0142a na potrzeby kr\u0119conego tutaj odcinka do serialu Janosik.<\/p>\n<h3>Dolina Rybiego Potoku<\/h3>\n<div id=\"attachment_1078\" style=\"width: 310px\" class=\"wp-caption alignleft\"><a href=\"https:\/\/www.myzakopane.pl\/wp-content\/images\/panorama-morskie-oko.jpg\"><img loading=\"lazy\" decoding=\"async\" aria-describedby=\"caption-attachment-1078\" class=\"wp-image-1078 size-medium\" title=\"Panorama Morskie Oko\" src=\"https:\/\/www.myzakopane.pl\/wp-content\/images\/panorama-morskie-oko-300x111.jpg\" alt=\"Panorama Morskie Oko\" width=\"300\" height=\"111\" srcset=\"https:\/\/www.myzakopane.pl\/wp-content\/images\/panorama-morskie-oko-300x111.jpg 300w, https:\/\/www.myzakopane.pl\/wp-content\/images\/panorama-morskie-oko.jpg 1024w\" sizes=\"auto, (max-width: 300px) 100vw, 300px\" \/><\/a><p id=\"caption-attachment-1078\" class=\"wp-caption-text\">Panorama Morskie Oko (fot. Tamerlan, WikiMedia)<\/p><\/div>\n<p>Kolejna dolina jest ma\u0142o znana z nazwy, natomiast g\u0142\u00f3wna atrakcje w tej dolinie, <a href=\"https:\/\/www.myzakopane.pl\/index.php\/morskie-oko-miejsce-wycieczek-z-zakopanego\/\">Morskie Oko<\/a>, jest ju\u017c kojarzona przez wszystkich turyst\u00f3w. Dolina Rybiego Potoku, jest prawie \u017ce r\u00f3wnoleg\u0142a do Doliny Roztoki, a <strong>ko\u0144czy si\u0119 pod wzniesieniem prowadz\u0105cym do Czarnego Stawu<\/strong>. Z uwagi na po\u0142o\u017cone w tej dolinie Morskie Oko jest ona chyba najpopularniejsz\u0105 obok Ko\u015bcieliskiej dolin\u0105 w Tatrach. W dolinie znajduje si\u0119 te\u017c schronisko g\u00f3rskie po\u0142o\u017cone nad tym najpopularniejszym jeziorem w Tatrach.<\/p>\n<p>Dnem Doliny Rybiego Potoku prowadzi te\u017c szlak <a href=\"https:\/\/www.myzakopane.pl\/index.php\/wycieczka-na-rysy\/\">na Rysy<\/a>, najwy\u017cszy szczyt po polskiej stronie Tatr. Dlatego szlak, kt\u00f3ry w dolinie prowadzi \u0142agodnym podej\u015bciem przez Czarnym Stawie zmienia si\u0119 w ostr\u0105 i mozoln\u0105 wspinaczk\u0119 do g\u00f3ry. <strong>Ocena wej\u015bcia na Rysy mo\u017ce by\u0107 bardzo zwodna<\/strong>, bo z Morskiego Oka wierzcho\u0142ek g\u00f3ry wydaje si\u0119 bardzo bliski. To w\u0142a\u015bnie strome podej\u015bcie zaczynaj\u0105ce si\u0119 na ko\u0144cu Doliny jest za to odpowiedzialne. Dlatego mimo z\u0142udnej \u0142atwo\u015bci trasy nale\u017cy przygotowa\u0107 si\u0119 na du\u017cy wysi\u0142ek.<\/p>\n<h3>Dolina Pi\u0119ciu Staw\u00f3w<\/h3>\n<div id=\"attachment_749\" style=\"width: 310px\" class=\"wp-caption alignleft\"><a href=\"https:\/\/www.myzakopane.pl\/wp-content\/images\/dolina-pieciu-stawow-polskich.jpg\"><img loading=\"lazy\" decoding=\"async\" aria-describedby=\"caption-attachment-749\" class=\"wp-image-749 size-medium\" title=\"Dolina Pi\u0119ciu Staw\u00f3w Polskich\" src=\"https:\/\/www.myzakopane.pl\/wp-content\/images\/dolina-pieciu-stawow-polskich-300x225.jpg\" alt=\"Dolina Pi\u0119ciu Staw\u00f3w Polskich\" width=\"300\" height=\"225\" srcset=\"https:\/\/www.myzakopane.pl\/wp-content\/images\/dolina-pieciu-stawow-polskich-300x225.jpg 300w, https:\/\/www.myzakopane.pl\/wp-content\/images\/dolina-pieciu-stawow-polskich.jpg 1024w\" sizes=\"auto, (max-width: 300px) 100vw, 300px\" \/><\/a><p id=\"caption-attachment-749\" class=\"wp-caption-text\">Dolina Pi\u0119ciu Staw\u00f3w Polskich (fot. w\u0142asna)<\/p><\/div>\n<p>Po\u0142o\u017cona pod g\u00f3rn\u0105 grani\u0105 Tatr Wysokich, <a href=\"https:\/\/www.myzakopane.pl\/index.php\/dolina-pieciu-stawow\/\">Dolina Pi\u0119ciu Staw\u00f3w<\/a> nie nadaje si\u0119 do przej\u015b\u0107. Jednak z uwagi na malownicze po\u0142o\u017cenie przecinaj\u0105 j\u0105 szlaki turystyczne. Le\u017cy w jednym z najbardziej malowniczych miejsc w Tatrach, <strong>znajduje si\u0119 tutaj pi\u0119\u0107 polodowcowych staw\u00f3w<\/strong>, od kt\u00f3rych dolina bierze swoj\u0105 nazw\u0119. Jej panoram\u0119 mo\u017cemy podziwia\u0107 zar\u00f3wno od strony najtrudniejszego szlaku w Tatrach &#8211; Orlej Perci jak i od szlaku prowadz\u0105cego przez Szpiglasow\u0105 Prze\u0142\u0119cz (2 110 m n.p.m.).<\/p>\n<p>Przy Przednim Stawie znajduje si\u0119 najwy\u017cej po\u0142o\u017cone, na wysoko\u015bci 1670 m n.p.m. schronisko g\u00f3rskie. Schronisko w Dolinie Pi\u0119ciu Staw\u00f3w z uwagi na swoje po\u0142o\u017cenie mo\u017ce s\u0142u\u017cy\u0107 zar\u00f3wno jako baza wypadowa na szlaki, jak i miejsce noclegowe po w\u0119dr\u00f3wce. Mo\u017cna te\u017c po prostu sp\u0119dzi\u0107 tu troch\u0119 czasu w malowniczym miejscu podziwiaj\u0105c okolice doliny.<\/p>\n<h3>Dolina Str\u0105\u017cyska<\/h3>\n<p>Dolin\u0105 Str\u0105\u017cysk\u0105 prowadzi jeden z bardziej malowniczych szlak\u00f3w na Giewont. Z Polany Str\u0105\u017cyskiej rozci\u0105ga si\u0119 wspania\u0142a panorama na ten popularny tatrza\u0144ski szczyt. <strong>Na ko\u0144cu Doliny Str\u0105\u017cyskiej znajduje si\u0119 te\u017c wodospad Siklawica<\/strong> (nie myli\u0107 z Siklaw\u0105 &#8211; najwi\u0119kszym wodospadem w Polsce). Warto wybra\u0107 si\u0119 te\u017c na Sarni\u0105 Ska\u0142\u0119 1 377 m n.p.m. (1:00\u2191 , 0:45\u2193), z kt\u00f3re rozci\u0105gaj\u0105 si\u0119 pi\u0119kne widoki. Na Polanie znajdziemy te\u017c ma\u0142y domek, w kt\u00f3rym serwowana jest pyszna szarlotka z jagodami i bit\u0105 \u015bmietan\u0105 oraz co\u015b do zjedzenia i picia.<\/p>\n<h3>Dolina Roztoki<\/h3>\n<div id=\"attachment_2779\" style=\"width: 310px\" class=\"wp-caption alignleft\"><a href=\"https:\/\/www.myzakopane.pl\/wp-content\/images\/dolina-roztoki.jpg\"><img loading=\"lazy\" decoding=\"async\" aria-describedby=\"caption-attachment-2779\" class=\"wp-image-2779 size-medium\" title=\"Widok na Dolin\u0119 Roztoki z g\u00f3ry\" src=\"https:\/\/www.myzakopane.pl\/wp-content\/images\/dolina-roztoki-300x225.jpg\" alt=\"Widok na Dolin\u0119 Roztoki z g\u00f3ry\" width=\"300\" height=\"225\" srcset=\"https:\/\/www.myzakopane.pl\/wp-content\/images\/dolina-roztoki-300x225.jpg 300w, https:\/\/www.myzakopane.pl\/wp-content\/images\/dolina-roztoki-150x113.jpg 150w, https:\/\/www.myzakopane.pl\/wp-content\/images\/dolina-roztoki-768x576.jpg 768w, https:\/\/www.myzakopane.pl\/wp-content\/images\/dolina-roztoki.jpg 1024w\" sizes=\"auto, (max-width: 300px) 100vw, 300px\" \/><\/a><p id=\"caption-attachment-2779\" class=\"wp-caption-text\">Dolina Roztoki (fot. ToSter, Wikipedia)<\/p><\/div>\n<p>Jest dolnym przed\u0142u\u017ceniem Doliny Pi\u0119ciu Staw\u00f3w, do\u015b\u0107 du\u017ca dolina, ale ma\u0142o ucz\u0119szczana z uwagi na du\u017ce odleg\u0142o\u015bci od popularnych szczyt\u00f3w g\u00f3rskich. Kiedy\u015b <a href=\"https:\/\/www.myzakopane.pl\/index.php\/dolina-roztoki\/\">Dolina Roztoki<\/a> by\u0142a do\u015b\u0107 popularna jako trasa do Pi\u0119ciu Staw\u00f3w a tak\u017ce z uwagi na pi\u0119kne widoki jakie roztacza\u0142y si\u0119 z g\u00f3ry na jej charakterystyczny uk\u0142ad.<strong> Na pocz\u0105tku doliny, w pobli\u017cu Wodogrzmot\u00f3w Mickiewicza znajduje si\u0119 schronisko w Roztoce<\/strong>. Dawniej, s\u0142u\u017cy\u0142o ono jako baza wypadowa na Rysy, cho\u0107 r\u00f3wnie\u017c dzi\u015b z uwagi na przepe\u0142nienie schroniska nad Morskim Okiem, tury\u015bci cz\u0119sto nocuj\u0105 tutaj przed wyruszeniem na najwy\u017cszy szczyt w Polsce.<\/p>\n<h3>Dolina Ma\u0142ej \u0141\u0105ki<\/h3>\n<p>Kolejna malownicza dolina w Tatrach, ch\u0119tnie odwiedzana przez turyst\u00f3w szczeg\u00f3lnie do rozleg\u0142ej polany znajduj\u0105cej si\u0119 w \u015brodkowej cz\u0119\u015bci. <strong><a href=\"https:\/\/www.myzakopane.pl\/index.php\/dolina-malej-laki\/\">Dolin\u0105 Ma\u0142ej \u0141\u0105ki<\/a> prowadzi jeden ze szlak\u00f3w na Giewont<\/strong>. Wspinaj\u0105c si\u0119 na Kondrack\u0105 Prze\u0142\u0119cz (1 725 m n.p.m.) mamy mo\u017cliwo\u015b\u0107 podziwiania ca\u0142ej Polany Ma\u0142o\u0142\u0105ckiej z g\u00f3ry. Wej\u015bcie na wspomnian\u0105 wy\u017cej prze\u0142\u0119cz zajmie nam oko\u0142o 2h. Sporo os\u00f3b zatrzymuje si\u0119 na kr\u00f3tk\u0105 przerw\u0119 na pocz\u0105tku polany sk\u0105d rozci\u0105gaj\u0105 si\u0119 widoki na Turnie, Ma\u0142y Giewont i Giewont 1 894 m n.p.m. Przed utworzeniem obszaru \u015bcis\u0142ej ochrony Turnie s\u0142u\u017cy\u0142y jako miejsce wspinaczki dla Taternik\u00f3w.<\/p>\n<h3>Dolina G\u0105sienicowa<\/h3>\n<div id=\"attachment_1107\" style=\"width: 310px\" class=\"wp-caption alignleft\"><a href=\"https:\/\/www.myzakopane.pl\/wp-content\/images\/dolina-gasienicowa.jpg\"><img loading=\"lazy\" decoding=\"async\" aria-describedby=\"caption-attachment-1107\" class=\"wp-image-1107 size-medium\" title=\"Dolina G\u0105sienicowa\" src=\"https:\/\/www.myzakopane.pl\/wp-content\/images\/dolina-gasienicowa-300x225.jpg\" alt=\"Dolina G\u0105sienicowa\" width=\"300\" height=\"225\" srcset=\"https:\/\/www.myzakopane.pl\/wp-content\/images\/dolina-gasienicowa-300x225.jpg 300w, https:\/\/www.myzakopane.pl\/wp-content\/images\/dolina-gasienicowa.jpg 1024w\" sizes=\"auto, (max-width: 300px) 100vw, 300px\" \/><\/a><p id=\"caption-attachment-1107\" class=\"wp-caption-text\">Dolina G\u0105sienicowa (fot. Jerzy Opio\u0142a, WikiMedia)<\/p><\/div>\n<p>Pi\u0119kna dolina<strong> po\u0142o\u017cona poni\u017cej najtrudniejszego szlaku w polskich tatrach<\/strong> &#8211; Orlej Perci. W\u0142a\u015bciwie <a href=\"https:\/\/www.myzakopane.pl\/index.php\/dolina-gasienicowa\/\">Dolina G\u0105sienicowa<\/a> to dwie doliny &#8211; zielona i czarna otaczaj\u0105ce Czarny Staw G\u0105sienicowy. W z\u0142\u0105czeniu dolin, na ko\u0144cu Doliny Suchej Wody znajduje si\u0119 schronisko Murowaniec. Poza schroniskiem na Morskim Okiem jest chyba najcz\u0119\u015bciej odwiedzanym w polskich tatrach. Raz, \u017ce mo\u017cna st\u0105d ruszy\u0107 na Zawrat (2 185 m n.p.m.) dwa w okolicy znajduje si\u0119 wyci\u0105g narciarski prowadz\u0105cy na szczyt Kasprowego Wierchu. W sumie gdzie by\u015bmy nie ruszyli z doliny w g\u00f3r\u0119 b\u0119dzie ostre podej\u015bcie i pi\u0119kne widoki.<\/p>\n<div class=\"post-nav\">\n<h5><a class=\"post-nav-newer\" title=\"Muzea w Zakopanem\" href=\"https:\/\/www.myzakopane.pl\/index.php\/muzea-w-zakopanem\/\">Muzea w Zakopanem<\/a><\/h5>\n<h5><a class=\"post-nav-older\" title=\"Szlaki w Tatrach\" href=\"https:\/\/www.myzakopane.pl\/index.php\/szlaki-w-tatrach\/\">Szlaki w Tatrach<\/a><\/h5>\n<div class=\"clear\"><\/div>\n<\/div>\n","protected":false},"excerpt":{"rendered":"<p>Dla wielu turyst\u00f3w doliny w Tatrach to tylko fragment trasy prowadz\u0105cy w wy\u017csze partie i na szczyty g\u00f3rskie. Jednak doliny, rze\u017abione przez g\u00f3rskie potoki w\u015br\u00f3d ska\u0142, nale\u017c\u0105 do jednych z pi\u0119kniejszym miejsc w Tatrach. Ka\u017cda z nich ma inny wygl\u0105d, w\u0142asn\u0105 charakterystyk\u0119 i miejsca, kt\u00f3re warto zobaczy\u0107. Po polskiej stronie znajdziemy kilkana\u015bcie dolin, z kt\u00f3rych [&hellip;]<\/p>\n","protected":false},"author":1,"featured_media":0,"parent":0,"menu_order":0,"comment_status":"closed","ping_status":"closed","template":"","meta":{"footnotes":""},"class_list":["post-3166","page","type-page","status-publish","hentry"],"yoast_head":"<!-- This site is optimized with the Yoast SEO plugin v26.2 - https:\/\/yoast.com\/wordpress\/plugins\/seo\/ -->\n<title>Doliny w Tatrach - najpopularniejsze doliny tatrza\u0144skie<\/title>\n<meta name=\"description\" content=\"Najpopularniejsze doliny w Tatrach, kt\u00f3re mo\u017cesz odwiedzi\u0107 z Zakopanego. Przeczytaj gdzie wybra\u0107 si\u0119 na spacer po pi\u0119knych zak\u0105tkach Tatr.\" \/>\n<meta name=\"robots\" content=\"index, follow, max-snippet:-1, max-image-preview:large, max-video-preview:-1\" \/>\n<link rel=\"canonical\" href=\"https:\/\/www.myzakopane.pl\/index.php\/doliny-w-tatrach\/\" \/>\n<meta name=\"twitter:label1\" content=\"Szacowany czas czytania\" \/>\n\t<meta name=\"twitter:data1\" content=\"8 minut\" \/>\n<script type=\"application\/ld+json\" class=\"yoast-schema-graph\">{\"@context\":\"https:\/\/schema.org\",\"@graph\":[{\"@type\":\"WebPage\",\"@id\":\"https:\/\/www.myzakopane.pl\/index.php\/doliny-w-tatrach\/\",\"url\":\"https:\/\/www.myzakopane.pl\/index.php\/doliny-w-tatrach\/\",\"name\":\"Doliny w Tatrach - najpopularniejsze doliny tatrza\u0144skie\",\"isPartOf\":{\"@id\":\"https:\/\/www.myzakopane.pl\/#website\"},\"primaryImageOfPage\":{\"@id\":\"https:\/\/www.myzakopane.pl\/index.php\/doliny-w-tatrach\/#primaryimage\"},\"image\":{\"@id\":\"https:\/\/www.myzakopane.pl\/index.php\/doliny-w-tatrach\/#primaryimage\"},\"thumbnailUrl\":\"http:\/\/www.myzakopane.pl\/wp-content\/images\/dolina-koscieliska-300x225.jpg\",\"datePublished\":\"2016-06-13T19:08:04+00:00\",\"dateModified\":\"2024-11-17T22:50:20+00:00\",\"description\":\"Najpopularniejsze doliny w Tatrach, kt\u00f3re mo\u017cesz odwiedzi\u0107 z Zakopanego. Przeczytaj gdzie wybra\u0107 si\u0119 na spacer po pi\u0119knych zak\u0105tkach Tatr.\",\"breadcrumb\":{\"@id\":\"https:\/\/www.myzakopane.pl\/index.php\/doliny-w-tatrach\/#breadcrumb\"},\"inLanguage\":\"pl-PL\",\"potentialAction\":[{\"@type\":\"ReadAction\",\"target\":[\"https:\/\/www.myzakopane.pl\/index.php\/doliny-w-tatrach\/\"]}]},{\"@type\":\"ImageObject\",\"inLanguage\":\"pl-PL\",\"@id\":\"https:\/\/www.myzakopane.pl\/index.php\/doliny-w-tatrach\/#primaryimage\",\"url\":\"http:\/\/www.myzakopane.pl\/wp-content\/images\/dolina-koscieliska-300x225.jpg\",\"contentUrl\":\"http:\/\/www.myzakopane.pl\/wp-content\/images\/dolina-koscieliska-300x225.jpg\"},{\"@type\":\"BreadcrumbList\",\"@id\":\"https:\/\/www.myzakopane.pl\/index.php\/doliny-w-tatrach\/#breadcrumb\",\"itemListElement\":[{\"@type\":\"ListItem\",\"position\":1,\"name\":\"Strona g\u0142\u00f3wna\",\"item\":\"https:\/\/www.myzakopane.pl\/\"},{\"@type\":\"ListItem\",\"position\":2,\"name\":\"Doliny w Tatrach\"}]},{\"@type\":\"WebSite\",\"@id\":\"https:\/\/www.myzakopane.pl\/#website\",\"url\":\"https:\/\/www.myzakopane.pl\/\",\"name\":\"Zakopane atrakcje turystyczne \u2013 co warto zobaczy\u0107 w Zakopanem\",\"description\":\"\",\"potentialAction\":[{\"@type\":\"SearchAction\",\"target\":{\"@type\":\"EntryPoint\",\"urlTemplate\":\"https:\/\/www.myzakopane.pl\/?s={search_term_string}\"},\"query-input\":{\"@type\":\"PropertyValueSpecification\",\"valueRequired\":true,\"valueName\":\"search_term_string\"}}],\"inLanguage\":\"pl-PL\"}]}<\/script>\n<!-- \/ Yoast SEO plugin. -->","yoast_head_json":{"title":"Doliny w Tatrach - najpopularniejsze doliny tatrza\u0144skie","description":"Najpopularniejsze doliny w Tatrach, kt\u00f3re mo\u017cesz odwiedzi\u0107 z Zakopanego. Przeczytaj gdzie wybra\u0107 si\u0119 na spacer po pi\u0119knych zak\u0105tkach Tatr.","robots":{"index":"index","follow":"follow","max-snippet":"max-snippet:-1","max-image-preview":"max-image-preview:large","max-video-preview":"max-video-preview:-1"},"canonical":"https:\/\/www.myzakopane.pl\/index.php\/doliny-w-tatrach\/","twitter_misc":{"Szacowany czas czytania":"8 minut"},"schema":{"@context":"https:\/\/schema.org","@graph":[{"@type":"WebPage","@id":"https:\/\/www.myzakopane.pl\/index.php\/doliny-w-tatrach\/","url":"https:\/\/www.myzakopane.pl\/index.php\/doliny-w-tatrach\/","name":"Doliny w Tatrach - najpopularniejsze doliny tatrza\u0144skie","isPartOf":{"@id":"https:\/\/www.myzakopane.pl\/#website"},"primaryImageOfPage":{"@id":"https:\/\/www.myzakopane.pl\/index.php\/doliny-w-tatrach\/#primaryimage"},"image":{"@id":"https:\/\/www.myzakopane.pl\/index.php\/doliny-w-tatrach\/#primaryimage"},"thumbnailUrl":"http:\/\/www.myzakopane.pl\/wp-content\/images\/dolina-koscieliska-300x225.jpg","datePublished":"2016-06-13T19:08:04+00:00","dateModified":"2024-11-17T22:50:20+00:00","description":"Najpopularniejsze doliny w Tatrach, kt\u00f3re mo\u017cesz odwiedzi\u0107 z Zakopanego. Przeczytaj gdzie wybra\u0107 si\u0119 na spacer po pi\u0119knych zak\u0105tkach Tatr.","breadcrumb":{"@id":"https:\/\/www.myzakopane.pl\/index.php\/doliny-w-tatrach\/#breadcrumb"},"inLanguage":"pl-PL","potentialAction":[{"@type":"ReadAction","target":["https:\/\/www.myzakopane.pl\/index.php\/doliny-w-tatrach\/"]}]},{"@type":"ImageObject","inLanguage":"pl-PL","@id":"https:\/\/www.myzakopane.pl\/index.php\/doliny-w-tatrach\/#primaryimage","url":"http:\/\/www.myzakopane.pl\/wp-content\/images\/dolina-koscieliska-300x225.jpg","contentUrl":"http:\/\/www.myzakopane.pl\/wp-content\/images\/dolina-koscieliska-300x225.jpg"},{"@type":"BreadcrumbList","@id":"https:\/\/www.myzakopane.pl\/index.php\/doliny-w-tatrach\/#breadcrumb","itemListElement":[{"@type":"ListItem","position":1,"name":"Strona g\u0142\u00f3wna","item":"https:\/\/www.myzakopane.pl\/"},{"@type":"ListItem","position":2,"name":"Doliny w Tatrach"}]},{"@type":"WebSite","@id":"https:\/\/www.myzakopane.pl\/#website","url":"https:\/\/www.myzakopane.pl\/","name":"Zakopane atrakcje turystyczne \u2013 co warto zobaczy\u0107 w Zakopanem","description":"","potentialAction":[{"@type":"SearchAction","target":{"@type":"EntryPoint","urlTemplate":"https:\/\/www.myzakopane.pl\/?s={search_term_string}"},"query-input":{"@type":"PropertyValueSpecification","valueRequired":true,"valueName":"search_term_string"}}],"inLanguage":"pl-PL"}]}},"_links":{"self":[{"href":"https:\/\/www.myzakopane.pl\/index.php\/wp-json\/wp\/v2\/pages\/3166","targetHints":{"allow":["GET"]}}],"collection":[{"href":"https:\/\/www.myzakopane.pl\/index.php\/wp-json\/wp\/v2\/pages"}],"about":[{"href":"https:\/\/www.myzakopane.pl\/index.php\/wp-json\/wp\/v2\/types\/page"}],"author":[{"embeddable":true,"href":"https:\/\/www.myzakopane.pl\/index.php\/wp-json\/wp\/v2\/users\/1"}],"replies":[{"embeddable":true,"href":"https:\/\/www.myzakopane.pl\/index.php\/wp-json\/wp\/v2\/comments?post=3166"}],"version-history":[{"count":0,"href":"https:\/\/www.myzakopane.pl\/index.php\/wp-json\/wp\/v2\/pages\/3166\/revisions"}],"wp:attachment":[{"href":"https:\/\/www.myzakopane.pl\/index.php\/wp-json\/wp\/v2\/media?parent=3166"}],"curies":[{"name":"wp","href":"https:\/\/api.w.org\/{rel}","templated":true}]}}